{"id":146,"date":"2021-03-03T22:14:19","date_gmt":"2021-03-03T21:14:19","guid":{"rendered":"https:\/\/www.julia-gutkina.de\/?page_id=146"},"modified":"2025-02-02T22:46:34","modified_gmt":"2025-02-02T21:46:34","slug":"juergen-fritsche","status":"publish","type":"page","link":"https:\/\/www.julia-gutkina.de\/en\/juergen-fritsche\/","title":{"rendered":"J\u00fcrgen Fritsche"},"content":{"rendered":"<div data-elementor-type=\"wp-page\" data-elementor-id=\"146\" class=\"elementor elementor-146\">\n\t\t\t\t\t\t<section class=\"elementor-section elementor-top-section elementor-element elementor-element-d15fb69 elementor-section-boxed elementor-section-height-default elementor-section-height-default\" data-id=\"d15fb69\" data-element_type=\"section\" data-e-type=\"section\">\n\t\t\t\t\t\t<div class=\"elementor-container elementor-column-gap-default\">\n\t\t\t\t\t<div class=\"elementor-column elementor-col-100 elementor-top-column elementor-element elementor-element-796989e\" data-id=\"796989e\" data-element_type=\"column\" data-e-type=\"column\">\n\t\t\t<div class=\"elementor-widget-wrap elementor-element-populated\">\n\t\t\t\t\t\t<div class=\"elementor-element elementor-element-99a562a elementor-widget elementor-widget-spacer\" data-id=\"99a562a\" data-element_type=\"widget\" data-e-type=\"widget\" data-widget_type=\"spacer.default\">\n\t\t\t\t<div class=\"elementor-widget-container\">\n\t\t\t\t\t\t\t<div class=\"elementor-spacer\">\n\t\t\t<div class=\"elementor-spacer-inner\"><\/div>\n\t\t<\/div>\n\t\t\t\t\t\t<\/div>\n\t\t\t\t<\/div>\n\t\t\t\t<div class=\"elementor-element elementor-element-1fbb183 elementor-widget elementor-widget-text-editor\" data-id=\"1fbb183\" data-element_type=\"widget\" data-e-type=\"widget\" data-widget_type=\"text-editor.default\">\n\t\t\t\t<div class=\"elementor-widget-container\">\n\t\t\t\t\t\t\t\t\t<h4>Topographies of Outer and Inner Landscapes<\/h4><p>On the visual work of Julia Gutkina<\/p><p>Julia Gutkina looks. Her gaze sweeps over a broad territory.  \nExamining, recording, measuring, alighting. Panorama and close-up, representation and re-creation, narrative and analysis. Her working spectrum ranges between painting, graphic and sculptural dimensions oscillating between figurative reality and atmospherical abstraction. <br \/>Doing so the immediate focus of her interest seems to be directed to what is actually visible, tangible, \u2018real\u2019 in the conventional sense.  However, Gutkina doesn\u2019t limit her work to a reproductive manner. As she approaches nature initially by exploring forms and visual phenomena, she subsequently opens up an aesthetic dialogue with the world, choosing an experiential access and resorting to the principles of artistic research. In this way her work penetrates deeper planes of reality behind the outer appearance of what is or seems to be.<\/p><p>In Gutkina\u2019s work landscape plays an important role. <br \/>Landscape and nature here appear as more than just topoi of art. They not only serve as an occasion to transmit her personal view and emotional response by visual means but unequivocally exceed subjective notions and impressions, reaching into the supra-personal sphere of existence \u2013 impossible to capture by verbal means.<\/p><p>Considering this, the question arises, how Gutkina\u00b4s art attains this special quality and how it could be characterized from the perspective of the beholder.\nAs an example, one small-sized work might open up a view into a great scale colourful scenery of a nordic sea- or lakeside-landscape. Within one moment we feel immersed into a mighty illusory space with almost dreamlike atmosphere, evoking memories of warm and endless summer afternoons.   \nAnother work seems to let us witness how light patches of autumn trees or reflections on a water-surface transform into autonomous fields of colour. Vibrating, flickering, dancing within an infinite process of change and disintegration: a purely visual flow of experience.\nEventually the physical phenomenology between substance (paint) and light (colour) leads us beyond the optical limits. The haptic sense, stimulated by the material quality of forms and surfaces, starts to enter the field of awareness. Even sound-like, tonal qualities seem to radiate from Gutkina\u2019s works, as if a musical matrix were intrinsically inherent within the visual plane.\nFormal opposites within the work bring about contrast and energy: oscillating and transient shades of colour on the \u2018soft side\u2019 \u2013 opaque, contoured and massive pictorial elements on the \u2018hard side\u2019. The opposites collide, merge, drift apart\u2026 Tender and fragile drawing-lines here \u2013 mighty paint strokes and heavy masses there. Warm vs. icy, luminosity vs. darkness, irregularity vs. geometric order. Plan and spontaneity, control and improvisation interact and give birth to a living third. Eventually and inexplicably a unique notion of coherence seems to somehow hold all of this dynamically together.  \nThese formal features and their effects correspond with analogue responses on the beholder\u2019s side: following the rhythm of visual impressions, one feels the fracturing and cohesive powers within one\u2019s own inner world. \nThrough this bewildering looking-experience Gutkina\u2019s pictures start becoming more than objects of perception. They begin to interact with the beholder, seem to actively direct his or her gaze, blocking or alluring it \u2026 until, in a puzzling manner, it appears as if these same pictures are somehow looking back into the world themselves\u2026<\/p><p><br \/>How can this phenomenon be explained? <\/p><p>At first, in the pictures and reliefs we seem to glimpse fragments of reality that are borrowed from the outside world, yet at the same time appear to transform the outside world - into something which touches us in a new way. <\/p><p>Now, if we remain in the visual experience, another plane of Gutkina\u2019s pictorial worlds opens up. The gaze onto the art object with its narrative power is suddenly reflected towards ourselves and our own interior world, as through a mirror.  Surprisingly we have entered into a state of beholding our own inner landscapes and spaces, and we notice (perhaps only retrospectively later on) that we ourselves have joined Gutkina\u2019s procedure of interlinking external with internal events. Now, the works seem to radiate back to us \u2013 and even beyond, thus causing a change in the world of phenomena within and around us.<\/p><p>At this point a lot can happen. Memories, insights, emotions, perception-shifts or simply pure experience are phenomena that arise when contemplating Julia Gutkina\u2019s art. And along this a space of wonder might open up, confronting the beholder with existential questions about the Being, the Appearing and the Personal.<\/p><p>This ontological dimension, approached by an aesthetic dialogue with (and between) self and nature, psyche and artwork, the individual and the whole, reveals a dimension of romanticism underlying Gutkina\u2019s works. <br \/>However, the artist neither mystifies nor explains. No answers are given, no rules recommended. Instead, Gutkina\u2019s work challenges us to gaze, perceive and resonate in a self-determined way. \nGutkina\u2019s artistic craft, based on many years of working experience, strives for sophisticated technical quality and a precise outcome. In an astounding freedom does she combine her appreciation of academic painting traditions and narrative distinctness with a playful attitude of a natural, nearly adventurous \u2018laissez faire\u2019.<\/p><p>J\u00fcrgen Fritsche<\/p>\t\t\t\t\t\t\t\t<\/div>\n\t\t\t\t<\/div>\n\t\t\t\t<div class=\"elementor-element elementor-element-90b4336 elementor-widget elementor-widget-spacer\" data-id=\"90b4336\" data-element_type=\"widget\" data-e-type=\"widget\" data-widget_type=\"spacer.default\">\n\t\t\t\t<div class=\"elementor-widget-container\">\n\t\t\t\t\t\t\t<div class=\"elementor-spacer\">\n\t\t\t<div class=\"elementor-spacer-inner\"><\/div>\n\t\t<\/div>\n\t\t\t\t\t\t<\/div>\n\t\t\t\t<\/div>\n\t\t\t\t\t<\/div>\n\t\t<\/div>\n\t\t\t\t\t<\/div>\n\t\t<\/section>\n\t\t\t\t<section class=\"elementor-section elementor-top-section elementor-element elementor-element-4089af7 elementor-section-height-min-height elementor-section-items-top elementor-section-boxed elementor-section-height-default\" data-id=\"4089af7\" data-element_type=\"section\" data-e-type=\"section\" data-settings=\"{&quot;background_background&quot;:&quot;classic&quot;}\">\n\t\t\t\t\t\t<div class=\"elementor-container elementor-column-gap-default\">\n\t\t\t\t\t<div class=\"elementor-column elementor-col-33 elementor-top-column elementor-element elementor-element-afc4620\" data-id=\"afc4620\" data-element_type=\"column\" data-e-type=\"column\">\n\t\t\t<div class=\"elementor-widget-wrap elementor-element-populated\">\n\t\t\t\t\t\t<div class=\"elementor-element elementor-element-2a51f13 elementor-widget elementor-widget-text-editor\" data-id=\"2a51f13\" data-element_type=\"widget\" data-e-type=\"widget\" data-widget_type=\"text-editor.default\">\n\t\t\t\t<div class=\"elementor-widget-container\">\n\t\t\t\t\t\t\t\t\t<p><span style=\"color: #000000;\"><a style=\"color: #000000;\" href=\"mailto:contact@julia-gutkina.de\">contact@julia-gutkina.de<\/a><\/span><\/p><p><a href=\"https:\/\/www.julia-gutkina.de\/en\/impressum\/\">Imprint<\/a><br \/><a style=\"font-size: 14px;\" href=\"https:\/\/www.julia-gutkina.de\/en\/datenschutzerklaerung\/\">Privacy Policy<\/a><\/p>\t\t\t\t\t\t\t\t<\/div>\n\t\t\t\t<\/div>\n\t\t\t\t\t<\/div>\n\t\t<\/div>\n\t\t\t\t<div class=\"elementor-column elementor-col-33 elementor-top-column elementor-element elementor-element-eefa86f\" data-id=\"eefa86f\" data-element_type=\"column\" data-e-type=\"column\">\n\t\t\t<div class=\"elementor-widget-wrap elementor-element-populated\">\n\t\t\t\t\t\t<div class=\"elementor-element elementor-element-09e3a71 elementor-widget elementor-widget-text-editor\" data-id=\"09e3a71\" data-element_type=\"widget\" data-e-type=\"widget\" data-widget_type=\"text-editor.default\">\n\t\t\t\t<div class=\"elementor-widget-container\">\n\t\t\t\t\t\t\t\t\t<p>Kindly supported by<br \/>BBK &#8222;Neustart Kultur&#8220;<br \/>Die Beauftragte der Bundesregierung f\u00fcr Kultur und Medien<\/p>\t\t\t\t\t\t\t\t<\/div>\n\t\t\t\t<\/div>\n\t\t\t\t\t<\/div>\n\t\t<\/div>\n\t\t\t\t<div class=\"elementor-column elementor-col-33 elementor-top-column elementor-element elementor-element-9309c1b\" data-id=\"9309c1b\" data-element_type=\"column\" data-e-type=\"column\">\n\t\t\t<div class=\"elementor-widget-wrap elementor-element-populated\">\n\t\t\t\t\t\t<div class=\"elementor-element elementor-element-6822c10 elementor-widget__width-initial elementor-widget elementor-widget-text-editor\" data-id=\"6822c10\" data-element_type=\"widget\" data-e-type=\"widget\" data-widget_type=\"text-editor.default\">\n\t\t\t\t<div class=\"elementor-widget-container\">\n\t\t\t\t\t\t\t\t\t<p>Visit my studio on Instagram<\/p>\t\t\t\t\t\t\t\t<\/div>\n\t\t\t\t<\/div>\n\t\t\t\t<div class=\"elementor-element elementor-element-ea07526 elementor-widget elementor-widget-image\" data-id=\"ea07526\" data-element_type=\"widget\" data-e-type=\"widget\" data-widget_type=\"image.default\">\n\t\t\t\t<div class=\"elementor-widget-container\">\n\t\t\t\t\t\t\t\t\t\t\t\t\t\t\t\t<a href=\"https:\/\/www.instagram.com\/atelier_julia_gutkina\/\">\n\t\t\t\t\t\t\t<img decoding=\"async\" width=\"30\" height=\"30\" src=\"https:\/\/www.julia-gutkina.de\/wp-content\/uploads\/2025\/02\/Instagram-Icon-1.png\" class=\"attachment-thumbnail size-thumbnail wp-image-2040\" alt=\"\" srcset=\"https:\/\/www.julia-gutkina.de\/wp-content\/uploads\/2025\/02\/Instagram-Icon-1.png 30w, https:\/\/www.julia-gutkina.de\/wp-content\/uploads\/2025\/02\/Instagram-Icon-1-12x12.png 12w\" sizes=\"(max-width: 30px) 100vw, 30px\" \/>\t\t\t\t\t\t\t\t<\/a>\n\t\t\t\t\t\t\t\t\t\t\t\t\t\t\t<\/div>\n\t\t\t\t<\/div>\n\t\t\t\t\t<\/div>\n\t\t<\/div>\n\t\t\t\t\t<\/div>\n\t\t<\/section>\n\t\t\t\t<\/div>","protected":false},"excerpt":{"rendered":"<p>Topografien \u00e4u\u00dferer und innerer Landschaften Zum visuellen Werk von Julia Gutkina\u2028 Julia Gutkina schaut. Der Blick schweift \u2013 erlebend, erfassend, vermessend, \u2028ruhend. Panorama und Nahsicht, Darstellung und Neu-Sch\u00f6pfung, Erz\u00e4hlung und Analyse. Die K\u00fcnstlerin bewegt sich in einem Spannungsfeld zwischen Malerei, Grafik und Relief, sowie den Polen figurativer Verdichtung und stimmungsschaffender Abstraktion. Dabei ist ihr Interesse [&hellip;]<\/p>\n","protected":false},"author":1,"featured_media":0,"parent":0,"menu_order":0,"comment_status":"closed","ping_status":"closed","template":"","meta":{"ocean_post_layout":"full-screen","ocean_both_sidebars_style":"","ocean_both_sidebars_content_width":0,"ocean_both_sidebars_sidebars_width":0,"ocean_sidebar":"0","ocean_second_sidebar":"0","ocean_disable_margins":"enable","ocean_add_body_class":"","ocean_shortcode_before_top_bar":"","ocean_shortcode_after_top_bar":"","ocean_shortcode_before_header":"","ocean_shortcode_after_header":"","ocean_has_shortcode":"","ocean_shortcode_after_title":"","ocean_shortcode_before_footer_widgets":"","ocean_shortcode_after_footer_widgets":"","ocean_shortcode_before_footer_bottom":"","ocean_shortcode_after_footer_bottom":"","ocean_display_top_bar":"off","ocean_display_header":"default","ocean_header_style":"","ocean_center_header_left_menu":"0","ocean_custom_header_template":"0","ocean_custom_logo":0,"ocean_custom_retina_logo":0,"ocean_custom_logo_max_width":0,"ocean_custom_logo_tablet_max_width":0,"ocean_custom_logo_mobile_max_width":0,"ocean_custom_logo_max_height":0,"ocean_custom_logo_tablet_max_height":0,"ocean_custom_logo_mobile_max_height":0,"ocean_header_custom_menu":"0","ocean_menu_typo_font_family":"0","ocean_menu_typo_font_subset":"","ocean_menu_typo_font_size":0,"ocean_menu_typo_font_size_tablet":0,"ocean_menu_typo_font_size_mobile":0,"ocean_menu_typo_font_size_unit":"px","ocean_menu_typo_font_weight":"","ocean_menu_typo_font_weight_tablet":"","ocean_menu_typo_font_weight_mobile":"","ocean_menu_typo_transform":"","ocean_menu_typo_transform_tablet":"","ocean_menu_typo_transform_mobile":"","ocean_menu_typo_line_height":0,"ocean_menu_typo_line_height_tablet":0,"ocean_menu_typo_line_height_mobile":0,"ocean_menu_typo_line_height_unit":"","ocean_menu_typo_spacing":0,"ocean_menu_typo_spacing_tablet":0,"ocean_menu_typo_spacing_mobile":0,"ocean_menu_typo_spacing_unit":"","ocean_menu_link_color":"","ocean_menu_link_color_hover":"","ocean_menu_link_color_active":"","ocean_menu_link_background":"","ocean_menu_link_hover_background":"","ocean_menu_link_active_background":"","ocean_menu_social_links_bg":"","ocean_menu_social_hover_links_bg":"","ocean_menu_social_links_color":"","ocean_menu_social_hover_links_color":"","ocean_disable_title":"on","ocean_disable_heading":"default","ocean_post_title":"","ocean_post_subheading":"","ocean_post_title_style":"","ocean_post_title_background_color":"","ocean_post_title_background":0,"ocean_post_title_bg_image_position":"","ocean_post_title_bg_image_attachment":"","ocean_post_title_bg_image_repeat":"","ocean_post_title_bg_image_size":"","ocean_post_title_height":0,"ocean_post_title_bg_overlay":0.5,"ocean_post_title_bg_overlay_color":"","ocean_disable_breadcrumbs":"default","ocean_breadcrumbs_color":"","ocean_breadcrumbs_separator_color":"","ocean_breadcrumbs_links_color":"","ocean_breadcrumbs_links_hover_color":"","ocean_display_footer_widgets":"off","ocean_display_footer_bottom":"off","ocean_custom_footer_template":"0","footnotes":""},"class_list":["post-146","page","type-page","status-publish","hentry","entry"],"_links":{"self":[{"href":"https:\/\/www.julia-gutkina.de\/en\/wp-json\/wp\/v2\/pages\/146","targetHints":{"allow":["GET"]}}],"collection":[{"href":"https:\/\/www.julia-gutkina.de\/en\/wp-json\/wp\/v2\/pages"}],"about":[{"href":"https:\/\/www.julia-gutkina.de\/en\/wp-json\/wp\/v2\/types\/page"}],"author":[{"embeddable":true,"href":"https:\/\/www.julia-gutkina.de\/en\/wp-json\/wp\/v2\/users\/1"}],"replies":[{"embeddable":true,"href":"https:\/\/www.julia-gutkina.de\/en\/wp-json\/wp\/v2\/comments?post=146"}],"version-history":[{"count":26,"href":"https:\/\/www.julia-gutkina.de\/en\/wp-json\/wp\/v2\/pages\/146\/revisions"}],"predecessor-version":[{"id":2148,"href":"https:\/\/www.julia-gutkina.de\/en\/wp-json\/wp\/v2\/pages\/146\/revisions\/2148"}],"wp:attachment":[{"href":"https:\/\/www.julia-gutkina.de\/en\/wp-json\/wp\/v2\/media?parent=146"}],"curies":[{"name":"wp","href":"https:\/\/api.w.org\/{rel}","templated":true}]}}

Jürgen Fritsche

<div data-elementor-type="wp-page" data-elementor-id="146" class="elementor elementor-146">
						<section class="elementor-section elementor-top-section elementor-element elementor-element-d15fb69 elementor-section-boxed elementor-section-height-default elementor-section-height-default" data-id="d15fb69" data-element_type="section" data-e-type="section">
						<div class="elementor-container elementor-column-gap-default">
					<div class="elementor-column elementor-col-100 elementor-top-column elementor-element elementor-element-796989e" data-id="796989e" data-element_type="column" data-e-type="column">
			<div class="elementor-widget-wrap elementor-element-populated">
						<div class="elementor-element elementor-element-99a562a elementor-widget elementor-widget-spacer" data-id="99a562a" data-element_type="widget" data-e-type="widget" data-widget_type="spacer.default">
				<div class="elementor-widget-container">
							<div class="elementor-spacer">
			<div class="elementor-spacer-inner"></div>
		</div>
						</div>
				</div>
				<div class="elementor-element elementor-element-1fbb183 elementor-widget elementor-widget-text-editor" data-id="1fbb183" data-element_type="widget" data-e-type="widget" data-widget_type="text-editor.default">
				<div class="elementor-widget-container">
									<h4>Topographies of Outer and Inner Landscapes</h4><p>On the visual work of Julia Gutkina</p><p>Julia Gutkina looks. Her gaze sweeps over a broad territory.  
Examining, recording, measuring, alighting. Panorama and close-up, representation and re-creation, narrative and analysis. Her working spectrum ranges between painting, graphic and sculptural dimensions oscillating between figurative reality and atmospherical abstraction. <br />Doing so the immediate focus of her interest seems to be directed to what is actually visible, tangible, ‘real’ in the conventional sense.  However, Gutkina doesn’t limit her work to a reproductive manner. As she approaches nature initially by exploring forms and visual phenomena, she subsequently opens up an aesthetic dialogue with the world, choosing an experiential access and resorting to the principles of artistic research. In this way her work penetrates deeper planes of reality behind the outer appearance of what is or seems to be.</p><p>In Gutkina’s work landscape plays an important role. <br />Landscape and nature here appear as more than just topoi of art. They not only serve as an occasion to transmit her personal view and emotional response by visual means but unequivocally exceed subjective notions and impressions, reaching into the supra-personal sphere of existence – impossible to capture by verbal means.</p><p>Considering this, the question arises, how Gutkina´s art attains this special quality and how it could be characterized from the perspective of the beholder.
As an example, one small-sized work might open up a view into a great scale colourful scenery of a nordic sea- or lakeside-landscape. Within one moment we feel immersed into a mighty illusory space with almost dreamlike atmosphere, evoking memories of warm and endless summer afternoons.   
Another work seems to let us witness how light patches of autumn trees or reflections on a water-surface transform into autonomous fields of colour. Vibrating, flickering, dancing within an infinite process of change and disintegration: a purely visual flow of experience.
Eventually the physical phenomenology between substance (paint) and light (colour) leads us beyond the optical limits. The haptic sense, stimulated by the material quality of forms and surfaces, starts to enter the field of awareness. Even sound-like, tonal qualities seem to radiate from Gutkina’s works, as if a musical matrix were intrinsically inherent within the visual plane.
Formal opposites within the work bring about contrast and energy: oscillating and transient shades of colour on the ‘soft side’ – opaque, contoured and massive pictorial elements on the ‘hard side’. The opposites collide, merge, drift apart… Tender and fragile drawing-lines here – mighty paint strokes and heavy masses there. Warm vs. icy, luminosity vs. darkness, irregularity vs. geometric order. Plan and spontaneity, control and improvisation interact and give birth to a living third. Eventually and inexplicably a unique notion of coherence seems to somehow hold all of this dynamically together.  
These formal features and their effects correspond with analogue responses on the beholder’s side: following the rhythm of visual impressions, one feels the fracturing and cohesive powers within one’s own inner world. 
Through this bewildering looking-experience Gutkina’s pictures start becoming more than objects of perception. They begin to interact with the beholder, seem to actively direct his or her gaze, blocking or alluring it … until, in a puzzling manner, it appears as if these same pictures are somehow looking back into the world themselves…</p><p><br />How can this phenomenon be explained? </p><p>At first, in the pictures and reliefs we seem to glimpse fragments of reality that are borrowed from the outside world, yet at the same time appear to transform the outside world - into something which touches us in a new way. </p><p>Now, if we remain in the visual experience, another plane of Gutkina’s pictorial worlds opens up. The gaze onto the art object with its narrative power is suddenly reflected towards ourselves and our own interior world, as through a mirror.  Surprisingly we have entered into a state of beholding our own inner landscapes and spaces, and we notice (perhaps only retrospectively later on) that we ourselves have joined Gutkina’s procedure of interlinking external with internal events. Now, the works seem to radiate back to us – and even beyond, thus causing a change in the world of phenomena within and around us.</p><p>At this point a lot can happen. Memories, insights, emotions, perception-shifts or simply pure experience are phenomena that arise when contemplating Julia Gutkina’s art. And along this a space of wonder might open up, confronting the beholder with existential questions about the Being, the Appearing and the Personal.</p><p>This ontological dimension, approached by an aesthetic dialogue with (and between) self and nature, psyche and artwork, the individual and the whole, reveals a dimension of romanticism underlying Gutkina’s works. <br />However, the artist neither mystifies nor explains. No answers are given, no rules recommended. Instead, Gutkina’s work challenges us to gaze, perceive and resonate in a self-determined way. 
Gutkina’s artistic craft, based on many years of working experience, strives for sophisticated technical quality and a precise outcome. In an astounding freedom does she combine her appreciation of academic painting traditions and narrative distinctness with a playful attitude of a natural, nearly adventurous ‘laissez faire’.</p><p>Jürgen Fritsche</p>								</div>
				</div>
				<div class="elementor-element elementor-element-90b4336 elementor-widget elementor-widget-spacer" data-id="90b4336" data-element_type="widget" data-e-type="widget" data-widget_type="spacer.default">
				<div class="elementor-widget-container">
							<div class="elementor-spacer">
			<div class="elementor-spacer-inner"></div>
		</div>
						</div>
				</div>
					</div>
		</div>
					</div>
		</section>
				<section class="elementor-section elementor-top-section elementor-element elementor-element-4089af7 elementor-section-height-min-height elementor-section-items-top elementor-section-boxed elementor-section-height-default" data-id="4089af7" data-element_type="section" data-e-type="section" data-settings="{&quot;background_background&quot;:&quot;classic&quot;}">
						<div class="elementor-container elementor-column-gap-default">
					<div class="elementor-column elementor-col-33 elementor-top-column elementor-element elementor-element-afc4620" data-id="afc4620" data-element_type="column" data-e-type="column">
			<div class="elementor-widget-wrap elementor-element-populated">
						<div class="elementor-element elementor-element-2a51f13 elementor-widget elementor-widget-text-editor" data-id="2a51f13" data-element_type="widget" data-e-type="widget" data-widget_type="text-editor.default">
				<div class="elementor-widget-container">
									<p><span style="color: #000000;"><a style="color: #000000;" href="mailto:contact@julia-gutkina.de">contact@julia-gutkina.de</a></span></p><p><a href="https://www.julia-gutkina.de/en/impressum/">Imprint</a><br /><a style="font-size: 14px;" href="https://www.julia-gutkina.de/en/datenschutzerklaerung/">Privacy Policy</a></p>								</div>
				</div>
					</div>
		</div>
				<div class="elementor-column elementor-col-33 elementor-top-column elementor-element elementor-element-eefa86f" data-id="eefa86f" data-element_type="column" data-e-type="column">
			<div class="elementor-widget-wrap elementor-element-populated">
						<div class="elementor-element elementor-element-09e3a71 elementor-widget elementor-widget-text-editor" data-id="09e3a71" data-element_type="widget" data-e-type="widget" data-widget_type="text-editor.default">
				<div class="elementor-widget-container">
									<p>Kindly supported by<br />BBK &#8222;Neustart Kultur&#8220;<br />Die Beauftragte der Bundesregierung für Kultur und Medien</p>								</div>
				</div>
					</div>
		</div>
				<div class="elementor-column elementor-col-33 elementor-top-column elementor-element elementor-element-9309c1b" data-id="9309c1b" data-element_type="column" data-e-type="column">
			<div class="elementor-widget-wrap elementor-element-populated">
						<div class="elementor-element elementor-element-6822c10 elementor-widget__width-initial elementor-widget elementor-widget-text-editor" data-id="6822c10" data-element_type="widget" data-e-type="widget" data-widget_type="text-editor.default">
				<div class="elementor-widget-container">
									<p>Visit my studio on Instagram</p>								</div>
				</div>
				<div class="elementor-element elementor-element-ea07526 elementor-widget elementor-widget-image" data-id="ea07526" data-element_type="widget" data-e-type="widget" data-widget_type="image.default">
				<div class="elementor-widget-container">
																<a href="https://www.instagram.com/atelier_julia_gutkina/">
							<img decoding="async" width="30" height="30" src="https://www.julia-gutkina.de/wp-content/uploads/2025/02/Instagram-Icon-1.png" class="attachment-thumbnail size-thumbnail wp-image-2040" alt="" srcset="https://www.julia-gutkina.de/wp-content/uploads/2025/02/Instagram-Icon-1.png 30w, https://www.julia-gutkina.de/wp-content/uploads/2025/02/Instagram-Icon-1-12x12.png 12w" sizes="(max-width: 30px) 100vw, 30px" />								</a>
															</div>
				</div>
					</div>
		</div>
					</div>
		</section>
				</div>

<p>Topografien äußerer und innerer Landschaften Zum visuellen Werk von Julia Gutkina  Julia Gutkina schaut. Der Blick schweift – erlebend, erfassend, vermessend,  ruhend. Panorama und Nahsicht, Darstellung und Neu-Schöpfung, Erzählung und Analyse. Die Künstlerin bewegt sich in einem Spannungsfeld zwischen Malerei, Grafik und Relief, sowie den Polen figurativer Verdichtung und stimmungsschaffender Abstraktion. Dabei ist ihr Interesse [&hellip;]</p>
